f g and 10.
10
Suppose 5*g - 2*q - 82 = 74, 0 = g + 3*q - 21. What is the highest common divisor of g and 15?
15
Let f(o) = -o - 5. Let w be f(-14). What is the greatest common factor of 3 and w?
3
Let v be 3 - -2*9/6. Calculate the highest common divisor of v and 6.
6
Let s = 87 - 31. Suppose -2*c = 4*p - 22, 5*p + 4*c - 15 = 17. Suppose p*m - 35 = -m. Calculate the greatest common factor of s and m.
7
Let z be 88/20 - 3/(-5). Calculate the greatest common divisor of 55 and z.
5
Let y = -144 + 180. Calculate the highest common divisor of 63 and y.
9
Let f(i) = 18*i**2 + i - 1. Let w be (-7)/(-5) - 4/10. Let t be f(w). Suppose a = 6 + 12. Calculate the greatest common divisor of t and a.
18
Let i be (-1 + 2 + 8)/1. What is the highest common factor of i and 3?
3
Let m = 9 + -5. Suppose 0 = x - 3*j - 12, 28 = 4*x - m*j + 4. Suppose -x*u = u - 704. What is the highest common divisor of u and 16?
16
Let y = 118 + -54. Suppose 4*k - 31 - 1 = -5*d, -5*k + 4*d + 40 = 0. Calculate the highest common factor of k and y.
8
Suppose -48*q + 1200 = -18*q. Suppose -5*x = -x - 240. What is the greatest common factor of x and q?
20
Let j = 14 - 6. Let s(z) = -16*z - 238. Let i be s(-15). Calculate the highest common divisor of j and i.
2
Let x be (9/27)/(2/24). Let t = 14 + x. What is the greatest common divisor of t and 45?
9
Let p be (-11097)/(-63) - 1/7. What is the greatest common factor of 22 and p?
22
Let u(s) = -s**3 + 8*s**2 + 12*s + 14. Let v be u(11). Let f be 4/6 - v/21. What is the highest common factor of 33 and f?
11
Suppose -4*t = 2*n - 98, 3*t - 2*t + 4*n - 42 = 0. Suppose 4*f - 42 = 30. Let q = f - 7. What is the greatest common divisor of q and t?
11
Suppose 2*n = 90 - 4. Let l = -25 + n. What is the greatest common factor of 45 and l?
9
Suppose 3*g = -12 - 0. Let p(j) = -j**3 - j**2 - 2*j - 1. Let s be p(-1). Let t be 1498/8 + s/g. Calculate the highest common factor of 17 and t.
17
Let k be (-3)/2 + (-18)/(-4). Suppose -25 = 5*u - 5*h, -k*u + 1 = -0*u + h. Let b be -22*(-2 + u)/6. What is the highest common divisor of b and 1?
1
Let o be (-39)/(-6) - 8 - 61/(-2). Calculate the highest common factor of o and 116.
29
Let l be (36/(-15) + 2)/(1/(-5)). Calculate the highest common divisor of 58 and l.
2
Suppose 0*t + 4*t - 16 = 0. Suppose -t*k + 432 = 2*k. Calculate the highest common factor of k and 18.
18
Let c = -802 - -1354. Let q = c - 387. Calculate the greatest common factor of 15 and q.
15
Let q be (-2)/5 - 60/(-25). Suppose q*b - 18 = b. Suppose 36 = 2*z + z. Calculate the greatest common divisor of z and b.
6
Suppose 7*o - 3*o - 5*z - 412 = 0, 4 = z. Calculate the highest common divisor of 12 and o.
12
Let n(x) = x**3 - x**2 - x. Let t be n(3). Suppose 3 - 15 = -2*r. Suppose -r - 54 = -4*f. What is the highest common factor of f and t?
15
Let o be ((-9)/(-2))/((-8)/16). Let n = 10 + o. Calculate the greatest common factor of n and 3.
1
Let s(x) = 2*x**3 + 27*x**2 + 14*x + 21. Let y be s(-13). Let r be 278/5 - 4/(-10). What is the greatest common factor of r and y?
8
Let l = 8 - 6. Let j be -1 - (-298)/l - 0. Let f = -76 + j. What is the greatest common factor of f and 18?
18
Let d = 33 - 19. Calculate the highest common divisor of d and 70.
14
Let w(m) = 2*m**2 + 8*m + 3. Let f be w(-7). Suppose -f = -2*o - o. What is the greatest common factor of 30 and o?
15
Let k be -3*12/(-9) - 1. Suppose 0 = 2*z - k*q - 21, 0*z + 59 = 3*z + q. Calculate the greatest common divisor of z and 12.
6
Let a(y) = -5*y + 5. Suppose 7*n + 14 = l + 2*n, 4*l + 5*n + 44 = 0. Let h be a(l). Calculate the highest common divisor of h and 7.
7
Suppose f - 14 - 19 = 0. Calculate the highest common factor of f and 165.
33
Suppose 3*i + 34 = 2*m, 3*i - 17 = -m - i. What is the highest common factor of m and 17?
17
Let r be -1 + (0 - -1) + -39. Let t be 1 + r/(-3)*1. Let l = -3 + t. What is the highest common factor of 33 and l?
11
Let f be (-176)/10 + (-2)/5. Let c be f*11/(-2) + -1. Calculate the greatest common divisor of 14 and c.
14
Let t(h) = -h**3 - 4*h**2 + 8*h - 3. Let w be t(-6). Calculate the highest common factor of w and 210.
21
Suppose 3*i + 2*u = 79, 4*i + 0*u - u - 98 = 0. Suppose 3*p - 7 + i = 0. Let o = p + 14. What is the greatest common factor of o and 40?
8
Let x(u) = -3*u - 17. Let q be x(-10). Calculate the greatest common factor of 39 and q.
13
Let n(v) = -2*v + 20. Let c be n(0). Let p be 1/(-3) - 25/(-3). Calculate the highest common factor of c and p.
4
Suppose 5*d = d + 2*h + 82, -4*d + 4*h = -80. What is the greatest common factor of 63 and d?
21
Let c = -24 + 25. Calculate the highest common factor of 4 and c.
1
Suppose 4*a = 26 - 10. What is the greatest common divisor of 28 and a?
4
Let f be (60/7)/(8/112). Calculate the highest common divisor of f and 15.
15
Let i = -136 + 305. What is the highest common factor of 13 and i?
13
Suppose -q + 2*q - 5 = 0. Suppose q*j - j - 220 = 0. Let r(d) = 2*d - 11. Let w be r(8). Calculate the greatest common factor of j and w.
5
Suppose 4 - 7 = 3*r, 13 = 3*h - r. Suppose 2*k - 3*b - 32 = -13, 4*b + 40 = h*k. Suppose -c + k = -3. Calculate the highest common divisor of c and 98.
14
Suppose 6*a - a = 0. Suppose 5*v = -a*v + 10. What is the greatest common divisor of 18 and v?
2
Let a(i) = 8*i**3 - i. Let c be a(1). Let l(j) = -3*j - 7 + 17 + 2*j. Let y be l(c). What is the greatest common divisor of y and 3?
3
Suppose p - 36 = 4*m + 29, -2*p + 3*m + 135 = 0. Suppose t + t - 92 = 0. Calculate the highest common factor of p and t.
23
Let q = 207 - 123. Calculate the greatest common divisor of 21 and q.
21
Let h = -4 + 7. Let f be (-1 - 1)/(2 - h). Suppose -5*d = -5*z - 8*d + f, 5*z = 2*d + 7. What is the highest common factor of z and 5?
1
Suppose -4*k + 28 = -8. Calculate the highest common divisor of 18 and k.
9
Let d(a) = -a**3 - 8*a**2 - 5*a - 5. Suppose n + 8 = -0*n. Let t be d(n). What is the highest common factor of 7 and t?
7
Suppose 2*s + 35 + 31 = 0. Let n = -21 - s. Let h = 2 - -1. What is the greatest common divisor of h and n?
3
Let f(j) = 9*j - 1. Let m be 55/25 + 1/(-5). Let d be f(m). Calculate the highest common divisor of 153 and d.
17
Let q(y) = -y**3 + 4*y**2 + 7*y - 6. Let r be q(5). Let t = 7 - r. Let m(n) = n**3 + n**2 + 2. Let c be m(0). Calculate the highest common factor of t and c.
1
Let t(a) = -a**3 + 4*a**2 - a + 2. Let j be t(3). Suppose 4*o - 9 - j = -3*u, 0 = o + 2*u + 2. Let p = -7 - -11. What is the greatest common factor of o and p?
4
Let c(l) = -2*l**3 - 3*l**2 - 2*l. Let k be c(-1). Let z be (-2 - -1)*(0 + -5). What is the highest common divisor of z and k?
1
Suppose 2*s + s = 15. What is the highest common factor of 2 and s?
1
Let h = -3 + 10. Calculate the highest common factor of 35 and h.
7
Suppose 0 = 2*p - 3*n - 2*n + 8, -p - 3*n + 18 = 0. Let y(t) = -t + 0*t + 9 - 2*t. Let c be y(-7). What is the greatest common divisor of c and p?
6
Let g(z) be the second derivative of -z**5/20 + z**4/2 + 2*z**3/3 - z**2 - 3*z. Let y be g(6). What is the greatest common divisor of y and 154?
22
Let o(u) = 9*u - 5. Let t be o(13). What is the highest common factor of t and 16?
16
Let m be -2 + (15/3 - -1). Suppose -4 = d - m*o + 7, 4*d + o = 7. Suppose -3*v + 5*n + 0 - 3 = 0, n - 3 = 0. Calculate the highest common divisor of d and v.
1
Let m be -77*(-1 - 0/1). Suppose -3*l + 5 = 4*t, 3*t + 19 = 7. What is the highest common divisor of m and l?
7
Let g = -7 - 38. Let h be ((-8)/3)/(10/g). Suppose 8 = 3*d - u, 0 = -2*d + 4*u - 1 + 3. What is the highest common divisor of d and h?
3
Let v = 8 - 7. Let r = v + 10. Calculate the highest common divisor of 22 and r.
11
Suppose 3*s - 5*f - 1 = 0, -5*s - 22 = -s + 5*f. Let h be ((-14)/s)/(6/45). Calculate the greatest common divisor of 5 and h.
5
Suppose -8*u + 20 = -3*u. Let p = 9 - u. Suppose l - 5*t = 31, -l + 1 = -4*t + p*t. What is the highest common factor of l and 30?
6
Let x be (8*3)/(1/(-1)). Let p = -16 - x. What is the highest common factor of p and 32?
8
Let y be 6/4*(13 + (4 - 7)). What is the highest common divisor of y and 165?
15
Let f(o) = o**2. Let k be f(4). Calculate the greatest common divisor of 8 and k.
8
Let m = 25 + -17. Calculate the highest common factor of 8 and m.
8
Suppose 0 = -b - b + 22. Suppose 